nd 17266?
194
What is the greatest common divisor of 16 and 80057776?
16
Calculate the greatest common factor of 1418181264 and 5112.
5112
What is the highest common factor of 99366120 and 2620?
2620
Calculate the greatest common factor of 492213 and 6.
3
Calculate the highest common divisor of 1284243806 and 134.
134
What is the highest common divisor of 825112 and 7208?
136
What is the highest common divisor of 2660 and 14997916?
76
Calculate the greatest common divisor of 300 and 32777160.
60
What is the highest common factor of 4108 and 2349144?
316
What is the highest common divisor of 8 and 3009120?
8
Calculate the greatest common divisor of 32 and 6572824.
8
What is the highest common factor of 11 and 86567129?
11
What is the greatest common factor of 26162 and 1470152?
254
What is the greatest common divisor of 102 and 2737068?
102
Calculate the greatest common factor of 107479261 and 1983.
661
What is the greatest common divisor of 18354328 and 16?
8
What is the greatest common factor of 115972132 and 628?
628
Calculate the highest common divisor of 23451605 and 760.
95
Calculate the highest common factor of 1352084 and 49612.
628
Calculate the greatest common divisor of 6022 and 54.
2
What is the greatest common divisor of 791428 and 1397?
11
Calculate the greatest common divisor of 3398268 and 1569360.
6036
Calculate the greatest common factor of 576 and 9306688.
64
What is the highest common divisor of 24441774 and 70?
14
What is the highest common divisor of 5360 and 107664?
16
Calculate the greatest common factor of 366 and 766478298.
366
Calculate the highest common divisor of 3630 and 4959075.
165
Calculate the highest common divisor of 145684 and 819236.
1892
Calculate the greatest common divisor of 40152 and 482541.
717
Calculate the greatest common divisor of 121195347 and 819.
273
What is the greatest common divisor of 41 and 21095033?
41
Calculate the highest common divisor of 2650822860 and 10.
10
Calculate the greatest common divisor of 68 and 106477698.
34
Calculate the greatest common divisor of 662 and 80306558.
662
Calculate the highest common divisor of 30150 and 101925.
225
Calculate the greatest common factor of 84 and 6569906.
14
What is the highest common divisor of 8694 and 1594782?
378
Calculate the highest common factor of 133815044 and 572.
44
What is the greatest common divisor of 201222 and 4928?
14
Calculate the greatest common divisor of 5694 and 2179554.
78
What is the greatest common divisor of 2434640 and 416?
208
Calculate the highest common divisor of 730 and 274937710.
730
What is the highest common divisor of 393034788 and 6?
6
What is the greatest common factor of 42777 and 9021?
291
What is the greatest common divisor of 2636 and 5388643?
659
Calculate the highest common divisor of 9 and 242531340.
3
Calculate the highest common factor of 26644135 and 280.
35
What is the greatest common divisor of 201622841 and 4039?
4039
What is the highest common divisor of 825562405 and 415?
415
What is the highest common divisor of 34166374 and 1298?
22
Calculate the highest common factor of 23889316 and 352.
44
Calculate the greatest common divisor of 1322751 and 8943.
813
What is the greatest common factor of 80 and 5367890?
10
Calculate the highest common divisor of 15888850 and 6250.
50
What is the highest common factor of 1814 and 843750?
2
What is the greatest common factor of 764067 and 4257?
129
What is the greatest common factor of 48 and 428964?
12
Calculate the highest common divisor of 226987 and 711988.
1633
What is the greatest common divisor of 67578960 and 180?
60
Calculate the highest common divisor of 40 and 246097960.
40
What is the greatest common divisor of 14088 and 582?
6
What is the greatest common factor of 23881 and 6028867?
2171
Calculate the greatest common divisor of 959 and 516933469.
137
What is the highest common divisor of 248614 and 365238?
394
Calculate the greatest common divisor of 35549220 and 265.
265
What is the highest common factor of 16680 and 377505096?
3336
Calculate the highest common divisor of 3036703 and 516.
43
Calculate the highest common divisor of 4997 and 2028155.
19
What is the highest common factor of 38404870 and 90255?
2735
What is the highest common factor of 11616 and 244?
4
Calculate the greatest common factor of 573510 and 28560.
210
Calculate the greatest common factor of 1158 and 538051190.
386
What is the greatest common factor of 250670971 and 38?
19
Calculate the greatest common factor of 24 and 2101092.
12
Calculate the greatest common factor of 516 and 41789120.
172
What is the highest common factor of 204 and 1144298730?
102
What is the highest common divisor of 104411601 and 2724?
681
Calculate the greatest common factor of 465 and 3486725.
155
Calculate the highest common divisor of 6889932 and 7182.
2394
Calculate the greatest common factor of 14060 and 2086580.
380
What is the greatest common factor of 10327466 and 136?
34
What is the highest common factor of 67981 and 233459?
157
Calculate the highest common divisor of 726 and 58759536.
726
Calculate the highest common factor of 6071180 and 16.
4
Calculate the highest common factor of 2833110 and 420.
210
Calculate the highest common divisor of 30992 and 95355.
13
What is the highest common divisor of 125168 and 3575111?
7823
Calculate the greatest common divisor of 13233378 and 249203.
2329
Calculate the greatest common factor of 1860 and 266680.
20
Calculate the greatest common divisor of 67003245 and 75981.
3999
Calculate the greatest common divisor of 23743599 and 99.
33
What is the highest common factor of 552 and 181754648?
184
What is the highest common factor of 20064 and 17266953?
627
Calculate the greatest common divisor of 2880922 and 2992.
374
Calculate the highest common factor of 3379 and 2398.
109
Calculate the highest common factor of 154 and 15221591.
77
What is the greatest common factor of 175027 and 18373?
967
What is the highest common factor of 41633 and 23207040?
1343
What is the highest common divisor of 9024 and 359232?
192
Calculate the greatest common factor of 46445 and 169238945.
6635
Calculate the greatest common factor of 990 and 2309761080.
990
Calculate the highest common divisor of 2980720 and 579272.
5624
Calculate the greatest common divisor of 21539604 and 36.
12
Calculate the greatest common divisor of 595851 and 2019099.
447
Calculate the greatest common factor of 1101778 and 6319.
71
What is the highest common divisor of 34315468 and 8932?
1276
Calculate the highest common factor of 11421 and 755001.
243
Calculate the greatest common divisor of 78591 and 104397.
1173
Calculate the greatest common divisor of 378936 and 144.
72
What is the greatest common factor of 2224 and 467512044?
556
What is the greatest common divisor of 19963304 and 544?
136
Calculate the highest common divisor of 545425 and 70.
5
Calculate the highest common factor of 145 and 20168195.
145
Calculate the highest common divisor of 50115 and 33667.
257
Calculate the greatest common divisor of 481967 and 43061.
17
What is the greatest common divisor of 5250 and 2836680?
210
Calculate the highest common factor of 9590 and 428591485.
4795
Calculate the highest common divisor of 588 and 1024878.
6
Calculate the greatest common factor of 1719 and 324127.
191
Calculate the greatest common divisor of 14252 and 70612552.
2036
Calculate the greatest common factor of 178830 and 3420.
90
What is the greatest common divisor of 580 and 38899260?
20
Calculate the greatest common divisor of 28366958 and 2001.
23
What is the highest common divisor of 82163141 and 631?
631
Calculate the greatest common factor of 5188 and 31807628.
5188
What is the greatest common factor of 683009756 and 4?
4
What is the highest common divisor of 188125 and 27649?
43
Calculate the highest common divisor of 2955492 and 78228.
1908
What is the highest common factor of 78944527 and 772?
193
What is the highest common factor of 232821 and 39?
3
Calculate the greatest common divisor of 8257920 and 5620.
20
What is the highest common factor of 20638 and 278?
2
Calculate the greatest common factor of 164910 and 163954.
478
Calculate the highest common factor of 1709 and 1193146895.
1709
What is the highest commo